e prime factors of g(9).
2, 67
Let t(v) = 67*v + 1. Let a be t(1). Let q = 141 - a. What are the prime factors of q?
73
Suppose -u = -4*h - 47, -10*u + 178 = -5*u - h. What are the prime factors of u?
5, 7
Suppose 12*b = 6*b + 3*m + 8775, -3 = 3*m. What are the prime factors of b?
2, 17, 43
Let y = -69 - -228. List the prime factors of y.
3, 53
Suppose p + 1 + 1 = 0. List the prime factors of 4 + 2108/28 + p/7.
79
Let k be (-4)/(-3)*(-1026)/(-36). Let o = k + -39. List the prime factors of o*(-9)/(-6)*-26.
3, 13
Let j = -20 - -35. Let v(x) = 2*x + 26*x**2 + 1 + 16*x**2 - j*x**2. What are the prime factors of v(-1)?
2, 13
Suppose 3*p + 20 = 8*p. Suppose p*h = 86 + 6. List the prime factors of h.
23
Suppose -3*i + 4*v + 26 = -2*i, 3*i = 3*v + 42. Suppose 0 = 4*n + i + 14. List the prime factors of (34 - 1)*(-8)/n.
2, 11
What are the prime factors of ((-2)/4)/(-1*(-4)/(-3352))?
419
What are the prime factors of ((-110808)/(-32))/9 + 6/(-8)?
2, 3
Suppose -3*b - 4*s = -789, -2*s = -5*b + 594 + 695. Let w = -93 + b. List the prime factors of w.
2, 83
Let s(b) = b**2 + b + 17. Let y be s(0). Suppose -3*d = -z - y, -d - 29 = -4*d - 2*z. List the prime factors of d.
7
Let z = -20 + 19. Let k be z*(-2 + 49) - 0. List the prime factors of (0 + k)*(-1 - 0).
47
List the prime factors of 493 - (-14*(-6)/(-12) + 6).
2, 13, 19
What are the prime factors of (7/14)/(2/2148)?
3, 179
Suppose -9*g = 25 - 16. What are the prime factors of 68 + g + (0 - -1)?
2, 17
Let u be (-22)/(((-2)/3)/(-1)). What are the prime factors of (-2)/(3 - (-105)/u)?
11
Let b(s) = -2*s - 22. Let t be b(-11). Suppose -3*d + 12 - 6 = t. Suppose -5*h = -10, -3*x - 4*h + 57 = -d*x. List the prime factors of x.
7
Let q(x) = x. Let f(v) = 15*v + 1. Let i(o) = f(o) + 2*q(o). Let u be i(2). List the prime factors of (-2)/(-5) - (-756)/u.
2, 11
Let z = 1468 - 789. What are the prime factors of z?
7, 97
Suppose -4*k + 8 = -2*v + 4*v, -4*k + 28 = -3*v. List the prime factors of ((-60)/v)/(9/15).
5
Suppose 0 = s + 3*z - 332, -4*z + 10 = -2*z. List the prime factors of s.
317
Suppose 9*n - 5*n = -1660. Let c = 644 + n. Suppose 4*h - 5*v = -0*h + c, 0 = 2*h + 3*v - 109. List the prime factors of h.
2, 7
Let x = 953 - -194. What are the prime factors of x?
31, 37
What are the prime factors of (-23481)/(-7) + (-260)/(-455)?
5, 11, 61
Suppose 2*y + 39 = 5*y. Let u(v) = v**3 - 12*v**2 - 3*v + 11. What are the prime factors of u(y)?
3, 47
Let s be (2 - 10)/4 - (1 - 3). List the prime factors of 221*(4 - (s + 3)).
13, 17
Let p be 0 + -2 + 71 - (0 + -3). Let l = p - 23. What are the prime factors of l?
7
Let k be (-5 + 8 - 8/(-2)) + 3. Let u = k + 4. What are the prime factors of u?
2, 7
Suppose 0 = 5*y - 7 - 3. Suppose 2*w - 3*b - 242 = 0, w = -y*w - 5*b + 325. List the prime factors of w.
5, 23
What are the prime factors of (-24)/(-32) + 2274/8?
3, 5, 19
Let w = 8 + -13. Let k be 1/(w/3 - -2). Suppose -n = 2*n + k*r, -3*n = -2*r - 20. What are the prime factors of n?
2
Let a = 321 - 136. What are the prime factors of a?
5, 37
Let v(z) = 6*z**2 + 41 - 79 + 35 + 21*z. What are the prime factors of v(-7)?
2, 3
Let k(w) = w**2 - 6*w - 3. Suppose 10*j + 61 - 11 = 0. List the prime factors of k(j).
2, 13
Let c = -43 + 31. Let d be c/(-42) + 26/7. List the prime factors of 4/d*(-1 + 14).
13
Suppose -5*f + 21 = -19. Let o = f + -12. List the prime factors of ((-17)/o)/(3/12).
17
Let k(q) = -q**2 - 2*q - 3. Let w be k(-2). List the prime factors of ((-136)/2)/(1*(1 + w)).
2, 17
Let m(b) = 6*b**2 + 4*b - 7. Let p(z) = 2*z + 8. Let g be p(-6). List the prime factors of m(g).
73
Suppose f + 0*r = -2*r + 71, -71 = -f + 2*r. What are the prime factors of f?
71
Let y(k) be the third derivative of 0*k + 1/12*k**4 - 3*k**2 + 0 + 4/3*k**3. List the prime factors of y(8).
2, 3
Suppose 3*w - 235 = -3*r + 590, -4*w = 5*r - 1097. Suppose 0 = 5*o - 42 - w. What are the prime factors of o?
2
Suppose 0 = -4*b - 0 + 8. Let r(j) = 0*j**b + 1 + 7*j**2 - j**3 - 3 - 7 + 9*j. What are the prime factors of r(7)?
2, 3
List the prime factors of 2 + 2957 + -1 - 41/41.
2957
Let i = 18 - 6. Let k = -29 + i. Let v = -7 - k. What are the prime factors of v?
2, 5
Suppose -2011 = -3*m + 1073. What are the prime factors of m?
2, 257
Let u(a) = 33*a + 8. Let y be u(6). Let p = y + -113. What are the prime factors of p?
3, 31
Suppose 4*r + 2*j = -r + 46, 0 = 5*r - 2*j - 34. Let l(z) = 10*z + 28. What are the prime factors of l(r)?
2, 3
Let s = 15 + -7. List the prime factors of (2/(-6))/(s/(-192)).
2
Let r(v) = -6*v + 8. Let l be r(4). Let f = -15 - l. Let h(u) = 13*u**2 - u. What are the prime factors of h(f)?
2, 3
Let h(c) = -c**3 - c - 2. Let n be h(-1). Suppose 2*v - 4*s - 272 = 0, n = 2*v + s - 4*s - 269. What are the prime factors of v?
2, 5, 13
List the prime factors of (-9)/((-24)/(-2576)*-2).
3, 7, 23
Let d(j) = 3*j**3 + 4*j**2 + 22. Let k = 14 + -10. Let w(h) = 2*h**3 + 3*h**2 + 21. Let t(l) = k*w(l) - 3*d(l). List the prime factors of t(0).
2, 3
Let i be (-1)/2*(-6 - 4). Suppose -3*r = -2*r - a + 2, i*r + 1 = 2*a. Suppose t + r - 7 = 0. What are the prime factors of t?
2, 3
Suppose 0 = 5*b + q - 20, -3*b - 5*q = -3*q - 5. Suppose -5*r + 4*r = b*v - 805, 2*r = 2*v - 322. List the prime factors of v.
7, 23
Let y(c) = 3*c**2. Let s be y(1). Let d(t) = t**3 - 2*t**2 - 2*t + 1. Let b be d(s). List the prime factors of (1 - 0)*(b - -9).
13
Suppose -17*p = -19*p + 6. Suppose 216 = 5*m + p*t, 0 = -5*m - 8*t + 3*t + 210. What are the prime factors of m?
3, 5
Suppose -24 = 5*y - 4. Let u be y/(-6) + (-23)/3. Let c = u + 25. What are the prime factors of c?
2, 3
List the prime factors of (80292/(-42))/(-2) + 3/21.
2, 239
Let n(z) = 203*z**2 + 31*z + 10. What are the prime factors of n(4)?
2, 19, 89
Suppose 7*d + 21 = -0*d. What are the prime factors of ((-780)/9)/(((-5)/d)/(-5))?
2, 5, 13
Let i(m) = -m**2 - m - 1. Let k(z) = z**3 - 6*z**2 + z + 4. Let r(n) = -3*i(n) - k(n). Let j be r(9). Suppose -2 = 3*c - j. List the prime factors of c.
5
Let h(k) = -5*k**3 - k**2 + 5*k + 7. List the prime factors of h(-4).
3, 97
Let d = -3680 - -5662. List the prime factors of d.
2, 991
Let y(l) = -41*l - 1. Let k = -9 - -7. Let b be y(k). Suppose -2*z + b = z. What are the prime factors of z?
3
Suppose h = -4*w + 67 + 374, -3*w - 5*h = -318. Suppose 7*j = 624 + w. List the prime factors of j.
3, 5, 7
Suppose 2437 = 3*j + 13*x - 14*x, -5*x - 831 = -j. What are the prime factors of j?
811
Suppose 3*m + 3*o = 2583, 2*m - 860 = m - 2*o. List the prime factors of m.
2, 431
Let w(j) = -392*j + 22. What are the prime factors of w(-2)?
2, 13, 31
Suppose -m + 3*r = -2128 + 239, 2*m - 3833 = -5*r. What are the prime factors of m?
2, 7, 17
Let s(x) = x**2 + 12*x + 13. Let o be s(-11). Suppose o = 3*k - 565. List the prime factors of k.
3, 7
Suppose 6*y - 5016 = -2*y. List the prime factors of y.
3, 11, 19
List the prime factors of (-17)/((-340)/(-8))*130/(-4).
13
Suppose -13*h + 10286 = -13023. List the prime factors of h.
11, 163
Let i = 330 - -381. What are the prime factors of i?
3, 79
Let s = 1542 + -564. List the prime factors of s.
2, 3, 163
Let t = 15 - 13. Suppose 5*o - 408 = -x, -4*o + 5*x - t*x + 334 = 0. What are the prime factors of o?
2, 41
Suppose r - 2*z = -z + 78, 408 = 5*r + 4*z. What are the prime factors of r?
2, 5
Let f = 2389 + -1625. What are the prime factors of f?
2, 191
Let x = -13 - -13. Suppose p - 3*p + 144 = x. Suppose 77 = 5*z + 3*v, 2*z = -2*z - 5*v + p. What are the prime factors of z?
13
Let s = 5 + -5. Let t be 3 - (-1 + s - 40). Suppose -2*v = 4*c - 130, t = v - 4*c - c. What are the prime factors of v?
59
Suppose 0 = 45*v - 30*v - 1215. What are the prime factors of v?
3
Let p(y) = -7*y + 9. Let f be p(1). Suppose -f*m + 118 = -18. List the prime factors of m.
2, 17
Let i = -872 + 1525. Let z = -462 + i. What are the prime factors of z?
191
Suppose 3*f + 5*s + 3 = 2*f, 3 = 3*s. Let l(t) = -25*t - 53. What are the prime factors of l(f)?
3, 7
Let t(x) = 43*x + 2. Let z be t(2). Let s = 151 - z. What are the prime factors of s?
3, 7
Let i(s) = 4*s**3 - s**2 + 3*s. Let y be i(2). Suppose 0 = 3*x + 5*t - y, 8 = 3*x + 3*t - 16. What are the prime factors of x?
3
What are the prime factors of (-1)/((-22428)/55920 + 4/10)?
2, 233
Let q = 44